{"id":1033,"date":"2010-12-21T12:23:55","date_gmt":"2010-12-21T12:23:55","guid":{"rendered":"http:\/\/blogs.oulipo.net\/fll\/?page_id=1033"},"modified":"2011-02-10T15:51:09","modified_gmt":"2011-02-10T15:51:09","slug":"esquisse-biographique","status":"publish","type":"page","link":"https:\/\/blogs.oulipo.net\/fll\/complement-denquete\/esquisse-biographique\/","title":{"rendered":"Esquisse biographique"},"content":{"rendered":"<p>G\u00e9n\u00e9alogie et chronologie de Fran\u00e7ois Le Lionnais.<\/p>\n","protected":false},"excerpt":{"rendered":"<p>G\u00e9n\u00e9alogie et chronologie de Fran\u00e7ois Le Lionnais.<\/p>\n","protected":false},"author":1,"featured_media":0,"parent":753,"menu_order":0,"comment_status":"closed","ping_status":"open","template":"","meta":{"footnotes":""},"class_list":["post-1033","page","type-page","status-publish","hentry"],"_links":{"self":[{"href":"https:\/\/blogs.oulipo.net\/fll\/wp-json\/wp\/v2\/pages\/1033","targetHints":{"allow":["GET"]}}],"collection":[{"href":"https:\/\/blogs.oulipo.net\/fll\/wp-json\/wp\/v2\/pages"}],"about":[{"href":"https:\/\/blogs.oulipo.net\/fll\/wp-json\/wp\/v2\/types\/page"}],"author":[{"embeddable":true,"href":"https:\/\/blogs.oulipo.net\/fll\/wp-json\/wp\/v2\/users\/1"}],"replies":[{"embeddable":true,"href":"https:\/\/blogs.oulipo.net\/fll\/wp-json\/wp\/v2\/comments?post=1033"}],"version-history":[{"count":2,"href":"https:\/\/blogs.oulipo.net\/fll\/wp-json\/wp\/v2\/pages\/1033\/revisions"}],"predecessor-version":[{"id":1070,"href":"https:\/\/blogs.oulipo.net\/fll\/wp-json\/wp\/v2\/pages\/1033\/revisions\/1070"}],"up":[{"embeddable":true,"href":"https:\/\/blogs.oulipo.net\/fll\/wp-json\/wp\/v2\/pages\/753"}],"wp:attachment":[{"href":"https:\/\/blogs.oulipo.net\/fll\/wp-json\/wp\/v2\/media?parent=1033"}],"curies":[{"name":"wp","href":"https:\/\/api.w.org\/{rel}","templated":true}]}}