{"id":753,"date":"2010-11-27T08:32:27","date_gmt":"2010-11-27T08:32:27","guid":{"rendered":"http:\/\/blogs.oulipo.net\/fll\/?page_id=753"},"modified":"2011-02-10T15:50:32","modified_gmt":"2011-02-10T15:50:32","slug":"complement-denquete","status":"publish","type":"page","link":"https:\/\/blogs.oulipo.net\/fll\/complement-denquete\/","title":{"rendered":"Compl\u00e9ment d&rsquo;enqu\u00e8te"},"content":{"rendered":"<p>Nous adjoignons \u00e0 cette \u00e9dition en ligne d&rsquo;<em>Un certain disparate<\/em>,<\/p>\n<ul>\n<li>Les enqu\u00e8tes men\u00e9es par Olivier Salon (en compagnie de quelques autres) sur la vie de Fran\u00e7ois Le Lionnais:<\/li>\n<\/ul>\n<p style=\"padding-left: 60px\"><a href=\"\/fll\/complement-denquete\/voyage-a-seesen\/\" target=\"_self\">Le compte-rendu d&rsquo;un voyage \u00e0 Seesen<\/a>,<\/p>\n<p style=\"padding-left: 60px\"><a href=\"\/fll\/complement-denquete\/entretien-avec-maroussia-naitchenko\/\" target=\"_self\">Un entretien avec Maroussia Na\u00eftchenko<\/a>.<\/p>\n<ul>\n<li>Une s\u00e9rie de photos, collect\u00e9es par le m\u00eame Olivier Salon:<\/li>\n<\/ul>\n<p style=\"padding-left: 60px\"><a href=\"http:\/\/www.oulipo.net\/oulipiens\/docs\/francois-le-lionnais-par-harcourt\">Fran\u00e7ois Le Lionnais (par Harcourt)<\/a><\/p>\n<p style=\"padding-left: 60px\"><a href=\"http:\/\/www.oulipo.net\/oulipiens\/docs\/fll-vers-1935-40-par-teddy-piaz-a-paris\">FLL vers 1935-40 par Teddy PIAZ, \u00e0 Paris<\/a><\/p>\n<p style=\"padding-left: 60px\"><a href=\"http:\/\/www.oulipo.net\/oulipiens\/docs\/francois-le-lionnais-aux-forges-d-acquigny\">Fran\u00e7ois Le Lionnais aux Forges d\u2019Acquigny<\/a><\/p>\n<p style=\"padding-left: 60px\"><a href=\"http:\/\/www.oulipo.net\/oulipiens\/docs\/francois-le-lionnais-et-les-echecs\">Fran\u00e7ois Le Lionnais et les \u00e9checs<\/a><\/p>\n<p style=\"padding-left: 60px\"><a href=\"http:\/\/www.oulipo.net\/oulipiens\/docs\/photos-de-francois-le-lionnais\">Portraits et autres documents de Fran\u00e7ois Le Lionnais<\/a><\/p>\n<p style=\"padding-left: 30px\">\n","protected":false},"excerpt":{"rendered":"<p>Nous adjoignons \u00e0 cette \u00e9dition en ligne d&rsquo;Un certain disparate, Les enqu\u00e8tes men\u00e9es par Olivier Salon (en compagnie de quelques autres) sur la vie de Fran\u00e7ois Le Lionnais: Le compte-rendu d&rsquo;un voyage \u00e0 Seesen, Un entretien avec Maroussia Na\u00eftchenko. Une s\u00e9rie de photos, collect\u00e9es par le m\u00eame Olivier Salon: Fran\u00e7ois Le Lionnais (par Harcourt) FLL [&hellip;]<\/p>\n","protected":false},"author":1,"featured_media":0,"parent":0,"menu_order":2,"comment_status":"closed","ping_status":"open","template":"","meta":{"footnotes":""},"class_list":["post-753","page","type-page","status-publish","hentry"],"_links":{"self":[{"href":"https:\/\/blogs.oulipo.net\/fll\/wp-json\/wp\/v2\/pages\/753","targetHints":{"allow":["GET"]}}],"collection":[{"href":"https:\/\/blogs.oulipo.net\/fll\/wp-json\/wp\/v2\/pages"}],"about":[{"href":"https:\/\/blogs.oulipo.net\/fll\/wp-json\/wp\/v2\/types\/page"}],"author":[{"embeddable":true,"href":"https:\/\/blogs.oulipo.net\/fll\/wp-json\/wp\/v2\/users\/1"}],"replies":[{"embeddable":true,"href":"https:\/\/blogs.oulipo.net\/fll\/wp-json\/wp\/v2\/comments?post=753"}],"version-history":[{"count":7,"href":"https:\/\/blogs.oulipo.net\/fll\/wp-json\/wp\/v2\/pages\/753\/revisions"}],"predecessor-version":[{"id":1069,"href":"https:\/\/blogs.oulipo.net\/fll\/wp-json\/wp\/v2\/pages\/753\/revisions\/1069"}],"wp:attachment":[{"href":"https:\/\/blogs.oulipo.net\/fll\/wp-json\/wp\/v2\/media?parent=753"}],"curies":[{"name":"wp","href":"https:\/\/api.w.org\/{rel}","templated":true}]}}